{"version":"1.0","provider_name":"La Perla Austral","provider_url":"https:\/\/laperlaaustral.com.ar\/guerra-malvinas","author_name":"GomRam","author_url":"https:\/\/laperlaaustral.com.ar\/guerra-malvinas\/author\/ac000164\/","title":"Marcha de la Armada - La Perla Austral","type":"rich","width":600,"height":338,"html":"<blockquote class=\"wp-embedded-content\" data-secret=\"yjfBRTChMU\"><a href=\"https:\/\/laperlaaustral.com.ar\/guerra-malvinas\/marcha-de-la-armada\/\">Marcha de la Armada<\/a><\/blockquote><iframe sandbox=\"allow-scripts\" security=\"restricted\" src=\"https:\/\/laperlaaustral.com.ar\/guerra-malvinas\/marcha-de-la-armada\/embed\/#?secret=yjfBRTChMU\" width=\"600\" height=\"338\" title=\"\u00abMarcha de la Armada\u00bb \u2014 La Perla Austral\" data-secret=\"yjfBRTChMU\" frameborder=\"0\" marginwidth=\"0\" marginheight=\"0\" scrolling=\"no\" class=\"wp-embedded-content\"><\/iframe><script type=\"text\/javascript\">\n\/* <![CDATA[ *\/\n\/*! This file is auto-generated *\/\n!function(d,l){\"use strict\";l.querySelector&&d.addEventListener&&\"undefined\"!=typeof URL&&(d.wp=d.wp||{},d.wp.receiveEmbedMessage||(d.wp.receiveEmbedMessage=function(e){var t=e.data;if((t||t.secret||t.message||t.value)&&!\/[^a-zA-Z0-9]\/.test(t.secret)){for(var s,r,n,a=l.querySelectorAll('iframe[data-secret=\"'+t.secret+'\"]'),o=l.querySelectorAll('blockquote[data-secret=\"'+t.secret+'\"]'),c=new RegExp(\"^https?:$\",\"i\"),i=0;i<o.length;i++)o[i].style.display=\"none\";for(i=0;i<a.length;i++)s=a[i],e.source===s.contentWindow&&(s.removeAttribute(\"style\"),\"height\"===t.message?(1e3<(r=parseInt(t.value,10))?r=1e3:~~r<200&&(r=200),s.height=r):\"link\"===t.message&&(r=new URL(s.getAttribute(\"src\")),n=new URL(t.value),c.test(n.protocol))&&n.host===r.host&&l.activeElement===s&&(d.top.location.href=t.value))}},d.addEventListener(\"message\",d.wp.receiveEmbedMessage,!1),l.addEventListener(\"DOMContentLoaded\",function(){for(var e,t,s=l.querySelectorAll(\"iframe.wp-embedded-content\"),r=0;r<s.length;r++)(t=(e=s[r]).getAttribute(\"data-secret\"))||(t=Math.random().toString(36).substring(2,12),e.src+=\"#?secret=\"+t,e.setAttribute(\"data-secret\",t)),e.contentWindow.postMessage({message:\"ready\",secret:t},\"*\")},!1)))}(window,document);\n\/* ]]> *\/\n<\/script>\n","thumbnail_url":"http:\/\/laperlaaustral.com.ar\/guerra-malvinas\/wp-content\/uploads\/2019\/06\/Armada-Argentina-en-Malvinas-1.jpg","thumbnail_width":443,"thumbnail_height":320,"description":"MARCHA DE LA ARMADA Suena el clar\u00edn mandan izar. Sube orgulloso el azul pabell\u00f3n. Y una emoci\u00f3n me hace llorar. Al entonar esta canci\u00f3n. Que es la canci\u00f3n de la gente de mar. Quiero expresar esta emoci\u00f3n. Valiente muchachada de la Armada. Que lejos de amor y hogar. Guardan la extensi\u00f3n del patrio mar; La&hellip; Leer m\u00e1s"}

MARCHA DE LA ARMADA Suena el clarín mandan izar. Sube orgulloso el azul pabellón. Y una emoción me hace llorar. Al entonar esta canción. Que es la canción de la gente de mar. Quiero expresar esta emoción. Valiente muchachada de la Armada. Que lejos de amor y hogar. Guardan la extensión del patrio mar; La&hellip; Leer más
