{"version":"1.0","provider_name":"La Perla Austral","provider_url":"https:\/\/laperlaaustral.com.ar\/guerra-malvinas","author_name":"GomRam","author_url":"https:\/\/laperlaaustral.com.ar\/guerra-malvinas\/author\/ac000164\/","title":"El ataque a la fragata Antelope - La Perla Austral","type":"rich","width":600,"height":338,"html":"<blockquote class=\"wp-embedded-content\" data-secret=\"tS4NCWvVhQ\"><a href=\"https:\/\/laperlaaustral.com.ar\/guerra-malvinas\/el-ataque-a-la-fragata-antelope\/\">El ataque a la fragata Antelope<\/a><\/blockquote><iframe sandbox=\"allow-scripts\" security=\"restricted\" src=\"https:\/\/laperlaaustral.com.ar\/guerra-malvinas\/el-ataque-a-la-fragata-antelope\/embed\/#?secret=tS4NCWvVhQ\" width=\"600\" height=\"338\" title=\"\u00abEl ataque a la fragata Antelope\u00bb \u2014 La Perla Austral\" data-secret=\"tS4NCWvVhQ\" frameborder=\"0\" marginwidth=\"0\" marginheight=\"0\" scrolling=\"no\" class=\"wp-embedded-content\"><\/iframe><script type=\"text\/javascript\">\n\/* <![CDATA[ *\/\n\/*! This file is auto-generated *\/\n!function(d,l){\"use strict\";l.querySelector&&d.addEventListener&&\"undefined\"!=typeof URL&&(d.wp=d.wp||{},d.wp.receiveEmbedMessage||(d.wp.receiveEmbedMessage=function(e){var t=e.data;if((t||t.secret||t.message||t.value)&&!\/[^a-zA-Z0-9]\/.test(t.secret)){for(var s,r,n,a=l.querySelectorAll('iframe[data-secret=\"'+t.secret+'\"]'),o=l.querySelectorAll('blockquote[data-secret=\"'+t.secret+'\"]'),c=new RegExp(\"^https?:$\",\"i\"),i=0;i<o.length;i++)o[i].style.display=\"none\";for(i=0;i<a.length;i++)s=a[i],e.source===s.contentWindow&&(s.removeAttribute(\"style\"),\"height\"===t.message?(1e3<(r=parseInt(t.value,10))?r=1e3:~~r<200&&(r=200),s.height=r):\"link\"===t.message&&(r=new URL(s.getAttribute(\"src\")),n=new URL(t.value),c.test(n.protocol))&&n.host===r.host&&l.activeElement===s&&(d.top.location.href=t.value))}},d.addEventListener(\"message\",d.wp.receiveEmbedMessage,!1),l.addEventListener(\"DOMContentLoaded\",function(){for(var e,t,s=l.querySelectorAll(\"iframe.wp-embedded-content\"),r=0;r<s.length;r++)(t=(e=s[r]).getAttribute(\"data-secret\"))||(t=Math.random().toString(36).substring(2,12),e.src+=\"#?secret=\"+t,e.setAttribute(\"data-secret\",t)),e.contentWindow.postMessage({message:\"ready\",secret:t},\"*\")},!1)))}(window,document);\n\/* ]]> *\/\n<\/script>\n","description":"Pasado el mediod\u00eda despegaron desde R\u00edo Gallegos dos escuadrillas de 3 Skyhawk A-4B. Por motivos de \u00edndole t\u00e9cnica el grupo se redujo a cuatro aviones. Su l\u00edder era el Capit\u00e1n Carballo. Luego de la operaci\u00f3n de Reabastecimiento, prosiguieron hasta el norte del Estrecho de San Carlos. En la boca de entrada al Puerto San Carlos,&hellip; Leer m\u00e1s"}

Pasado el mediodía despegaron desde Río Gallegos dos escuadrillas de 3 Skyhawk A-4B. Por motivos de índole técnica el grupo se redujo a cuatro aviones. Su líder era el Capitán Carballo. Luego de la operación de Reabastecimiento, prosiguieron hasta el norte del Estrecho de San Carlos. En la boca de entrada al Puerto San Carlos,&hellip; Leer más
